s digit of z(0)?
1
Let m be 12/10*25/10. Suppose 3*p = 2*z + 36, -2*p + 4*p + m*z - 37 = 0. Suppose -4*j + 3*t + 1 - 6 = 0, 0 = 2*j + 4*t - p. What is the units digit of j?
1
Let r(z) = 35*z + 5. Let f be r(-2). Let h = f - -120. Let o = 77 - h. What is the units digit of o?
2
Suppose 0 = s + 3*s - 476. Let q = 180 - s. What is the units digit of q?
1
Suppose 434 + 156 = q - 2*y, -q = -y - 590. Suppose 0 = 6*o - q + 110. What is the tens digit of o?
8
Let f be (12/(-4))/((-2)/(-8)). Let n = -10 - f. What is the tens digit of 2*n/((-8)/(-58))?
2
Suppose 5*c = 0, 2*h - 4 = -0*h + 2*c. Let k(w) = -9*w**2 - w + 11*w + 8*w**h - 3. What is the tens digit of k(8)?
1
Suppose 20 = -4*y, -3*y = -3*q + 2*y + 124. Let g = q + -30. Suppose -136 = -g*l - l. What is the tens digit of l?
3
Let x(g) = -g**3 - 52*g**2 - 10*g + 69. What is the tens digit of x(-52)?
8
Suppose 17 - 14 = 3*b. Let h(n) = 50*n + 3. What is the units digit of h(b)?
3
Let c(u) = 2*u**2 + 2*u - 1. Let m be c(1). Let y be 108 - (4/(-1) + m). Let h = y - 58. What is the units digit of h?
1
Let n = 155 - -460. What is the hundreds digit of n?
6
Let l(f) = -f**3 + f**2 + f - 5. Let s be l(0). Let c be (-2)/6*(-41 - -2). Let t = s + c. What is the units digit of t?
8
Let d(p) = p**2 + p - 1. Let t be d(-3). Suppose l = -2, 87 = -t*w + 3*l - 127. Let n = w + 91. What is the units digit of n?
7
Suppose 7*f = 26 + 30. Suppose f*m - m = 1134. What is the hundreds digit of m?
1
What is the units digit of ((-9)/6)/((-14 + 15)/(-38))?
7
Let z(a) = a**3 - 3*a**2 + a + 3. Let r be z(3). Let n(s) = -s**3 + 5*s**2 + 9*s + 5. What is the units digit of n(r)?
3
Let g be 3 - 1 - 20/(-4). Let i(s) = -s + 14. Let a be i(7). What is the units digit of 359/g - 2/a?
1
Let v = -19 - -39. Suppose -c - v = -25. What is the units digit of c?
5
Suppose -62*x - 230 = -63*x. What is the hundreds digit of x/6*(6/2 + 0)?
1
Suppose o - 14 = -2*i, 13 = 3*i - 3*o + 1. Suppose i = m + m. Suppose -m*l = -0*l - 9. What is the units digit of l?
3
Let o(m) = m**3 - 7*m**2 - 9*m + 13. Let t be o(8). Suppose t*i - 119 = -5*q + 121, 4*q + i = 198. What is the tens digit of q?
5
What is the tens digit of 19/38 - -430*(-15)/(-4)?
1
Suppose 2 = 5*u + 4*c + 18, u = -2*c - 8. Let o(s) = -s - 1. Let d be o(-5). Suppose -d*x = 4*k - u*x - 32, k - x + 2 = 0. What is the units digit of k?
3
Let o(d) = 212*d + 3. What is the hundreds digit of o(4)?
8
Suppose -2*r + 292 + 362 = 0. What is the tens digit of r?
2
Suppose -4*x - 42 = -x - 3*g, 3*g + 23 = -2*x. Let i = x + 56. What is the units digit of i?
3
Let r(d) = 31*d + 11. Let p(g) = -2*g - 13. Let s be p(-8). What is the tens digit of r(s)?
0
Suppose 0 = -36*t + 29*t + 17472. What is the thousands digit of t?
2
Suppose -10*w = -6*w - 20. Suppose 0 = p - 137 - w. What is the hundreds digit of p?
1
Let k(z) = 82*z - 208. What is the hundreds digit of k(7)?
3
Let d(o) = 32*o**2 - 20. What is the tens digit of d(4)?
9
Suppose 12 = -z + 3*z - 2*w, 5*z - 4*w = 28. Suppose -5*d = -4*c + 536, -528 = -0*c - z*c + 3*d. Let s = 196 - c. What is the units digit of s?
7
Suppose 26*j = -2*j + 28084. What is the units digit of j?
3
Let i be (-8)/(-12)*(94 - -2). Suppose 8*z - i = 7*z. Suppose z + 42 = 2*k. What is the tens digit of k?
5
Let z be 47/(-5) - 36/60. Let a = z + 12. Suppose -101 = -a*h - 3*q, -5*q - 265 = -2*h - 3*h. What is the tens digit of h?
5
Suppose -2*i + 0 = -10. Let q be 2/(-2) + 1 + i. Suppose -4*k + q*k = 8. What is the units digit of k?
8
Let j be (-1 - 3) + -132 - -3. Let h = j + 197. What is the tens digit of h?
6
Let r = -7141 - -12862. What is the hundreds digit of r?
7
Let v(t) be the second derivative of 31*t**4/4 + t**3/6 + 20*t. What is the tens digit of v(-1)?
9
Suppose -2*i = -2331 - 579. What is the hundreds digit of i?
4
Suppose 4*b - 4*a - 10596 = -0*b, 0 = -2*a + 2. What is the thousands digit of b?
2
Let m = -1494 - -2635. What is the tens digit of m?
4
Suppose -l - 1 = 0, -2*n = -3*n - 5*l + 49. Suppose 0 = -o - 0*o + n. What is the tens digit of o?
5
Suppose -14*u = -13*u - 131. Let p = u - 78. What is the units digit of p?
3
Suppose 10*g - 17*g = -4718. What is the units digit of g?
4
Let w = -245 + 724. What is the units digit of w?
9
Let f = -70 - -75. Suppose 550 = f*w - 200. What is the tens digit of w?
5
Let q be 1572 - (-8 + 2) - (4 + -1). What is the tens digit of (q/(-14))/15*(-118)/3?
9
Suppose -2*i + 14 = 2. Let x be (i + -1)/(3/3). Suppose x*u = -j, 2*j - 12 - 10 = u. What is the tens digit of j?
1
Suppose 12169 + 4679 = 9*z. What is the tens digit of z?
7
Suppose 0 = 4*q - 4*h + 32, 4*q - 3*h + 12 + 16 = 0. Let i be 1/((q + 5)/7). Suppose r - 15 = i. What is the units digit of r?
2
Let q(m) = m**3 + 12*m**2 + m + 2. Let b be q(-12). Let o be 1*2/(4/b). Let f(v) = 2*v**2 + 6*v - 2. What is the tens digit of f(o)?
1
Suppose -3*c + 295 = -518. What is the hundreds digit of c?
2
Let r be (-689)/(-2) - (-18)/(-12). Let n = r + -157. What is the units digit of n?
6
Let t = -769 + 245. Let j = 766 + t. What is the units digit of j?
2
Let w(f) = 253*f**2 - 11*f - 7. What is the units digit of w(-2)?
7
Suppose 3*q + 4*i - 27 = 0, -3*i = -3*q + 4*q - 14. Suppose 436 + 154 = 4*w - q*y, -446 = -3*w + 2*y. Suppose -w = -l - 4*l. What is the units digit of l?
0
Suppose -14*i - 5256 + 13306 = 0. What is the tens digit of i?
7
Let d(u) = -u**3 + 9*u**2 - u + 14. Let y be d(9). Suppose -6*b + y*b - 287 = -4*l, 0 = l + 3*b - 62. What is the tens digit of l?
7
Let t(o) = -219*o - 1. Let z be t(3). Let m = -418 - z. Suppose x + m = 6*x. What is the tens digit of x?
4
Let s = -896 + 1633. What is the hundreds digit of s?
7
Let o = 575 - 375. What is the hundreds digit of o?
2
Let y be 0 + 23*2 - 0. Suppose 0 = 2*m + 3*v - 19, -2*m + 5*m + v - 32 = 0. Suppose 5*t = -4*h + 1 + y, h = 2*t - m. What is the units digit of t?
7
What is the hundreds digit of (((-176)/(-32))/11)/((-2)/(-14920))?
7
Suppose -4 = -4*q, 16 = 4*k + k + q. Let f be (k + -4)/(2/(-222)). Let x = f - 75. What is the tens digit of x?
3
Suppose 5*g - 2*y - 1598 = 3*g, 4*g - 3201 = 3*y. What is the hundreds digit of g?
8
Suppose -2*m + 2*r = -14, 3*m + r - 3 = -2. Suppose -4*i = 2*z, -2*i + 22 - m = -4*z. Let h = 3 - i. What is the units digit of h?
1
Let p = -47 - -81. Let h = p - 13. Suppose 3*b = -0*b + h. What is the units digit of b?
7
Suppose s - 144 = -3*s. Let r = 75 - 75. Suppose r = 3*w + 3 - s. What is the units digit of w?
1
Let c be (-17)/5 + 9/(-15). Let q be (-312)/(-16)*c/6. Let i = q + 16. What is the units digit of i?
3
Suppose -5*i = -2*g - 104 - 80, 0 = -2*i - 3*g + 66. Let m = -18 + i. What is the tens digit of m?
1
Let d(w) = 402*w + 135. What is the units digit of d(2)?
9
Let v be 2/(-3)*75/(-2). Let o be v/(-5) - (-1 + -1). What is the units digit of (1 + o)*(-5)/10?
1
Let u(f) = -8*f**2 - 3*f + 3. Let y(z) be the first derivative of 7*z**3/3 + 2*z**2 - 3*z - 5. Let m(i) = -5*u(i) - 4*y(i). What is the tens digit of m(-2)?
4
Let p(m) = 2*m**2 - 2*m**2 - 5*m**2 - 9 + 12*m + 4*m**2. What is the tens digit of p(4)?
2
Let l(o) = -7 - 8 + o**2 - 11*o + 1 - 2. Let t be l(13). Suppose 3*y = 20 + t. What is the units digit of y?
0
Let w = -140 + 245. Let y(p) = -3*p**3 - 2*p**2 - 4*p. Let l be y(-3). Let i = w - l. What is the units digit of i?
0
Let t be (-8)/(-24)*(20 + -2). Let q = 2 - t. What is the units digit of q/(-3 + 212/72)?
2
Let n(z) = z**3 + 3*z**2 - z - 3. Let s be n(-3). Suppose s = 4*o - 249 - 103. Suppose -9*g + o = -5*g. What is the tens digit of g?
2
Let k(n) = n**3 + n**2 + 13*n - 34. What is the tens digit of k(5)?
8
Suppose -s = 5*d - 2 - 7, -21 = s - 5*d. Let q be (-1 - (-4)/12)*s. Suppose 5*i = 6 + q. What is the units digit of i?
2
What is the units digit of (-2)/16 + -11 + 201228/96?
5
Let f(d) = -2*d**3 - 8*d**2 - 13*d + 11. What is the tens digit of f(-9)?
3
Suppose r - 6155 = -4*j, -6 + 12 = -3*j. What is the units digit of r?
3
Suppose 1761 = 3*v - 1524. What is the units digit of v?
5
Let f = 6 - -4. Suppose -11*l = -f*l + 4. Let u = l - -10. What is the units digit of u?
6
Let s(u) be the second derivative of -u**4/12 + 17*u**3/6 - 19*u**2/2 + 3*u. What is the units digit of s(11)?
7
Let y(q) = 257*q + 39. What is the tens digit of y(2)?
5
Let r(o) = -1